{"id":1871,"date":"2026-02-17T19:22:59","date_gmt":"2026-02-17T18:22:59","guid":{"rendered":"http:\/\/www.tuina.co.at\/tuina\/?page_id=1871"},"modified":"2026-02-17T19:27:30","modified_gmt":"2026-02-17T18:27:30","slug":"datenschutz","status":"publish","type":"page","link":"http:\/\/www.tuina.co.at\/tuina\/datenschutz\/","title":{"rendered":"Datenschutzerkl\u00e4rung f\u00fcr TUINA Kalender-App"},"content":{"rendered":"\n<h1><\/h1>\n\n\n\n<p><strong>Stand:<\/strong> 17.02.2025<\/p>\n\n\n\n<h2>1. Verantwortlicher<\/h2>\n\n\n\n<p>Verantwortlich f\u00fcr die Datenverarbeitung im Rahmen dieser Anwendung ist:<\/p>\n\n\n\n<p><strong>TUINA PRAXIS<\/strong> Albert Sprung, Tachlau 7, 4655 Vorchdorf, E-Mail: albert.sprung@medicus.biz<\/p>\n\n\n\n<h2>2. Zweck der Anwendung<\/h2>\n\n\n\n<p>Die Anwendung (&#8222;TUINA Kalender-App&#8220;) ist eine interne Automatisierungsl\u00f6sung zur Verwaltung von Praxis-Terminen. Sie dient dazu, bestehende Kalendereintr\u00e4ge auszulesen, um basierend darauf freie Terminslots f\u00fcr Patienten zu berechnen und diese verf\u00fcgbar zu machen.<\/p>\n\n\n\n<h2>3. Erhobene Daten &amp; Zugriff auf Google Nutzerdaten<\/h2>\n\n\n\n<p>Die Anwendung nutzt das Protokoll <strong>OAuth 2.0<\/strong>, um mit Ihrer expliziten Zustimmung auf folgende Daten Ihres Google-Kontos zuzugreifen:<\/p>\n\n\n\n<ul>\n<li><strong>Verwendeter Zugriffsbereich (Scope):<\/strong> <code>https:\/\/www.googleapis.com\/auth\/calendar<\/code> (Kalender lesen und schreiben)<\/li>\n\n\n\n<li><strong>Art der verarbeiteten Daten:<\/strong>\n<ul>\n<li>Start- und Endzeiten von Terminen.<\/li>\n\n\n\n<li>Verf\u00fcgbarkeitsstatus von Kalenderressourcen.<\/li>\n<\/ul>\n<\/li>\n\n\n\n<li><strong>Verwendung der Daten:<\/strong> Die Daten werden abgerufen, um algorithmisch Zeitr\u00e4ume zu identifizieren, in denen keine Termine vorliegen (&#8222;Freie Slots&#8220;). Gegebenenfalls werden neue Termine, die \u00fcber das Buchungssystem generiert werden, in den Kalender zur\u00fcckgeschrieben.<\/li>\n<\/ul>\n\n\n\n<h2>4. Speicherung und Sicherheit<\/h2>\n\n\n\n<ul>\n<li><strong>Lokale Verarbeitung:<\/strong> Die Verarbeitung der Kalenderdaten erfolgt ausschlie\u00dflich lokal auf dem Server\/Container des Verantwortlichen. Es findet keine \u00dcbertragung der Daten an externe Cloud-Datenbanken oder Server Dritter statt.<\/li>\n\n\n\n<li><strong>Zugriffstoken:<\/strong> Die Authentifizierung erfolgt \u00fcber ein digitales Token (<code>token.json<\/code>). Dieses wird lokal und zugriffsgesch\u00fctzt auf dem Server gespeichert.<\/li>\n\n\n\n<li><strong>Fl\u00fcchtigkeit:<\/strong> Kalenderinhalte (wie Titel oder Beschreibungen bestehender Termine) werden nur zur Laufzeit im Arbeitsspeicher (RAM) gehalten und nicht dauerhaft in einer Datenbank archiviert.<\/li>\n<\/ul>\n\n\n\n<h2>5. Weitergabe an Dritte<\/h2>\n\n\n\n<p>Es erfolgt <strong>keine<\/strong> Weitergabe, kein Verkauf und kein Transfer Ihrer Google-Nutzerdaten an Dritte. Die Daten werden nicht f\u00fcr Werbezwecke, Marktforschung oder Profiling verwendet.<\/p>\n\n\n\n<h2>6. Einhaltung der Google API Services User Data Policy (&#8222;Limited Use&#8220;)<\/h2>\n\n\n\n<p>Die Nutzung und Weitergabe von Informationen, die von Google APIs erhalten wurden, an jede andere App erfolgt unter strikter Einhaltung der <strong><a target=\"_blank\" rel=\"noreferrer noopener\" href=\"\">Google API Services User Data Policy<\/a><\/strong>, einschlie\u00dflich der Anforderungen an die eingeschr\u00e4nkte Nutzung (<strong>Limited Use<\/strong>).<\/p>\n\n\n\n<p>Dies bedeutet insbesondere:<\/p>\n\n\n\n<ol start=\"1\">\n<li>Die Daten werden nur f\u00fcr die f\u00fcr den Nutzer sichtbaren Funktionen der App verwendet.<\/li>\n\n\n\n<li>Die Daten werden nicht an andere Personen \u00fcbertragen (au\u00dfer zur Bereitstellung der Funktion oder aus rechtlichen Gr\u00fcnden).<\/li>\n\n\n\n<li>Die Daten werden nicht f\u00fcr Werbung genutzt.<\/li>\n\n\n\n<li>Menschen lesen die Daten nicht (au\u00dfer es ist f\u00fcr Sicherheitszwecke oder Fehlerbehebung nach Ihrer Zustimmung notwendig).<\/li>\n<\/ol>\n\n\n\n<h2>7. Ihre Rechte und Widerruf<\/h2>\n\n\n\n<p>Sie k\u00f6nnen den Zugriff der Anwendung auf Ihr Google-Konto jederzeit widerrufen:<\/p>\n\n\n\n<ol start=\"1\">\n<li>Besuchen Sie die Seite <a target=\"_blank\" rel=\"noreferrer noopener\" href=\"\">Google-Konto Sicherheit (Apps mit Kontozugriff)<\/a>.<\/li>\n\n\n\n<li>Suchen Sie den Eintrag f\u00fcr diese App (oft benannt nach dem Google Cloud Projekt).<\/li>\n\n\n\n<li>Klicken Sie auf &#8222;Zugriffsrechte entfernen&#8220;.<\/li>\n<\/ol>\n\n\n\n<p>Nach dem Widerruf wird das lokal gespeicherte Token ung\u00fcltig und die Anwendung hat keinen Zugriff mehr auf Ihre Daten.<\/p>\n<div class=\"sharedaddy sd-sharing-enabled\"><div class=\"robots-nocontent sd-block sd-social sd-social-icon-text sd-sharing\"><h3 class=\"sd-title\">Teilen mit<\/h3><div class=\"sd-content\"><ul><li class=\"share-facebook\"><a rel=\"nofollow noopener noreferrer\" data-shared=\"sharing-facebook-1871\" class=\"share-facebook sd-button share-icon\" href=\"http:\/\/www.tuina.co.at\/tuina\/datenschutz\/?share=facebook\" target=\"_blank\" title=\"Klick, um auf Facebook zu teilen\" ><span>Facebook<\/span><\/a><\/li><li class=\"share-twitter\"><a rel=\"nofollow noopener noreferrer\" data-shared=\"sharing-twitter-1871\" class=\"share-twitter sd-button share-icon\" href=\"http:\/\/www.tuina.co.at\/tuina\/datenschutz\/?share=twitter\" target=\"_blank\" title=\"Klick, um \u00fcber Twitter zu teilen\" ><span>Twitter<\/span><\/a><\/li><li class=\"share-jetpack-whatsapp\"><a rel=\"nofollow noopener noreferrer\" data-shared=\"\" class=\"share-jetpack-whatsapp sd-button share-icon\" href=\"http:\/\/www.tuina.co.at\/tuina\/datenschutz\/?share=jetpack-whatsapp\" target=\"_blank\" title=\"Klicken, um auf WhatsApp zu teilen\" ><span>WhatsApp<\/span><\/a><\/li><li class=\"share-print\"><a rel=\"nofollow noopener noreferrer\" data-shared=\"\" class=\"share-print sd-button share-icon\" href=\"http:\/\/www.tuina.co.at\/tuina\/datenschutz\/\" target=\"_blank\" title=\"Klicken zum Ausdrucken\" ><span>Drucken<\/span><\/a><\/li><li class=\"share-end\"><\/li><\/ul><\/div><\/div><\/div>","protected":false},"excerpt":{"rendered":"<p>Stand: 17.02.2025 1. Verantwortlicher Verantwortlich f\u00fcr die Datenverarbeitung im Rahmen dieser Anwendung ist: TUINA PRAXIS Albert Sprung, Tachlau 7, 4655 Vorchdorf, E-Mail: albert.sprung@medicus.biz 2. Zweck der Anwendung Die Anwendung (&#8222;TUINA Kalender-App&#8220;) ist eine interne&#46;&#46;&#46;<\/p>\n<div class=\"sharedaddy sd-sharing-enabled\"><div class=\"robots-nocontent sd-block sd-social sd-social-icon-text sd-sharing\"><h3 class=\"sd-title\">Teilen mit<\/h3><div class=\"sd-content\"><ul><li class=\"share-facebook\"><a rel=\"nofollow noopener noreferrer\" data-shared=\"sharing-facebook-1871\" class=\"share-facebook sd-button share-icon\" href=\"http:\/\/www.tuina.co.at\/tuina\/datenschutz\/?share=facebook\" target=\"_blank\" title=\"Klick, um auf Facebook zu teilen\" ><span>Facebook<\/span><\/a><\/li><li class=\"share-twitter\"><a rel=\"nofollow noopener noreferrer\" data-shared=\"sharing-twitter-1871\" class=\"share-twitter sd-button share-icon\" href=\"http:\/\/www.tuina.co.at\/tuina\/datenschutz\/?share=twitter\" target=\"_blank\" title=\"Klick, um \u00fcber Twitter zu teilen\" ><span>Twitter<\/span><\/a><\/li><li class=\"share-jetpack-whatsapp\"><a rel=\"nofollow noopener noreferrer\" data-shared=\"\" class=\"share-jetpack-whatsapp sd-button share-icon\" href=\"http:\/\/www.tuina.co.at\/tuina\/datenschutz\/?share=jetpack-whatsapp\" target=\"_blank\" title=\"Klicken, um auf WhatsApp zu teilen\" ><span>WhatsApp<\/span><\/a><\/li><li class=\"share-print\"><a rel=\"nofollow noopener noreferrer\" data-shared=\"\" class=\"share-print sd-button share-icon\" href=\"http:\/\/www.tuina.co.at\/tuina\/datenschutz\/\" target=\"_blank\" title=\"Klicken zum Ausdrucken\" ><span>Drucken<\/span><\/a><\/li><li class=\"share-end\"><\/li><\/ul><\/div><\/div><\/div>","protected":false},"author":1418,"featured_media":0,"parent":0,"menu_order":0,"comment_status":"closed","ping_status":"closed","template":"","meta":{"jetpack_post_was_ever_published":false},"yoast_head":"<!-- This site is optimized with the Yoast SEO plugin v19.14 - https:\/\/yoast.com\/wordpress\/plugins\/seo\/ -->\n<title>Datenschutzerkl\u00e4rung f\u00fcr TUINA Kalender-App - Traditionelle Chinesische Medizin - TUINA Therapie<\/title>\n<meta name=\"description\" content=\"Traditionelle Chinesische Medizin - TUINA Therapie - TUINA PRAXIS - Mag. (FH) Albert Sprung\" \/>\n<meta name=\"robots\" content=\"index, follow, max-snippet:-1, max-image-preview:large, max-video-preview:-1\" \/>\n<link rel=\"canonical\" href=\"http:\/\/www.tuina.co.at\/tuina\/datenschutz\/\" \/>\n<meta property=\"og:locale\" content=\"de_DE\" \/>\n<meta property=\"og:type\" content=\"article\" \/>\n<meta property=\"og:title\" content=\"Datenschutzerkl\u00e4rung f\u00fcr TUINA Kalender-App - Traditionelle Chinesische Medizin - TUINA Therapie\" \/>\n<meta property=\"og:description\" content=\"Traditionelle Chinesische Medizin - TUINA Therapie - TUINA PRAXIS - Mag. (FH) Albert Sprung\" \/>\n<meta property=\"og:url\" content=\"http:\/\/www.tuina.co.at\/tuina\/datenschutz\/\" \/>\n<meta property=\"og:site_name\" content=\"Traditionelle Chinesische Medizin - TUINA Therapie\" \/>\n<meta property=\"article:modified_time\" content=\"2026-02-17T18:27:30+00:00\" \/>\n<meta property=\"og:image\" content=\"https:\/\/i0.wp.com\/www.tuina.co.at\/tuina\/wp-content\/uploads\/Logo.jpg?fit=838%2C360\" \/>\n\t<meta property=\"og:image:width\" content=\"838\" \/>\n\t<meta property=\"og:image:height\" content=\"360\" \/>\n\t<meta property=\"og:image:type\" content=\"image\/jpeg\" \/>\n<meta name=\"twitter:card\" content=\"summary_large_image\" \/>\n<meta name=\"twitter:label1\" content=\"Gesch\u00e4tzte Lesezeit\" \/>\n\t<meta name=\"twitter:data1\" content=\"3\u00a0Minuten\" \/>\n<script type=\"application\/ld+json\" class=\"yoast-schema-graph\">{\"@context\":\"https:\/\/schema.org\",\"@graph\":[{\"@type\":\"WebPage\",\"@id\":\"http:\/\/www.tuina.co.at\/tuina\/datenschutz\/\",\"url\":\"http:\/\/www.tuina.co.at\/tuina\/datenschutz\/\",\"name\":\"Datenschutzerkl\u00e4rung f\u00fcr TUINA Kalender-App - Traditionelle Chinesische Medizin - TUINA Therapie\",\"isPartOf\":{\"@id\":\"http:\/\/www.tuina.co.at\/tuina\/#website\"},\"datePublished\":\"2026-02-17T18:22:59+00:00\",\"dateModified\":\"2026-02-17T18:27:30+00:00\",\"description\":\"Traditionelle Chinesische Medizin - TUINA Therapie - TUINA PRAXIS - Mag. (FH) Albert Sprung\",\"breadcrumb\":{\"@id\":\"http:\/\/www.tuina.co.at\/tuina\/datenschutz\/#breadcrumb\"},\"inLanguage\":\"de\",\"potentialAction\":[{\"@type\":\"ReadAction\",\"target\":[\"http:\/\/www.tuina.co.at\/tuina\/datenschutz\/\"]}]},{\"@type\":\"BreadcrumbList\",\"@id\":\"http:\/\/www.tuina.co.at\/tuina\/datenschutz\/#breadcrumb\",\"itemListElement\":[{\"@type\":\"ListItem\",\"position\":1,\"name\":\"Home\",\"item\":\"http:\/\/www.tuina.co.at\/tuina\/\"},{\"@type\":\"ListItem\",\"position\":2,\"name\":\"Datenschutzerkl\u00e4rung f\u00fcr TUINA Kalender-App\"}]},{\"@type\":\"WebSite\",\"@id\":\"http:\/\/www.tuina.co.at\/tuina\/#website\",\"url\":\"http:\/\/www.tuina.co.at\/tuina\/\",\"name\":\"Traditionelle Chinesische Medizin - TUINA Therapie\",\"description\":\"TUINA PRAXIS - Mag. (FH) Albert Sprung\",\"publisher\":{\"@id\":\"http:\/\/www.tuina.co.at\/tuina\/#organization\"},\"potentialAction\":[{\"@type\":\"SearchAction\",\"target\":{\"@type\":\"EntryPoint\",\"urlTemplate\":\"http:\/\/www.tuina.co.at\/tuina\/?s={search_term_string}\"},\"query-input\":\"required name=search_term_string\"}],\"inLanguage\":\"de\"},{\"@type\":\"Organization\",\"@id\":\"http:\/\/www.tuina.co.at\/tuina\/#organization\",\"name\":\"TUINA PRAXIS - Mag. Albert Sprung\",\"url\":\"http:\/\/www.tuina.co.at\/tuina\/\",\"logo\":{\"@type\":\"ImageObject\",\"inLanguage\":\"de\",\"@id\":\"http:\/\/www.tuina.co.at\/tuina\/#\/schema\/logo\/image\/\",\"url\":\"https:\/\/i0.wp.com\/www.tuina.co.at\/tuina\/wp-content\/uploads\/Logo.jpg?fit=838%2C360\",\"contentUrl\":\"https:\/\/i0.wp.com\/www.tuina.co.at\/tuina\/wp-content\/uploads\/Logo.jpg?fit=838%2C360\",\"width\":838,\"height\":360,\"caption\":\"TUINA PRAXIS - Mag. Albert Sprung\"},\"image\":{\"@id\":\"http:\/\/www.tuina.co.at\/tuina\/#\/schema\/logo\/image\/\"}}]}<\/script>\n<!-- \/ Yoast SEO plugin. -->","yoast_head_json":{"title":"Datenschutzerkl\u00e4rung f\u00fcr TUINA Kalender-App - Traditionelle Chinesische Medizin - TUINA Therapie","description":"Traditionelle Chinesische Medizin - TUINA Therapie - TUINA PRAXIS - Mag. (FH) Albert Sprung","robots":{"index":"index","follow":"follow","max-snippet":"max-snippet:-1","max-image-preview":"max-image-preview:large","max-video-preview":"max-video-preview:-1"},"canonical":"http:\/\/www.tuina.co.at\/tuina\/datenschutz\/","og_locale":"de_DE","og_type":"article","og_title":"Datenschutzerkl\u00e4rung f\u00fcr TUINA Kalender-App - Traditionelle Chinesische Medizin - TUINA Therapie","og_description":"Traditionelle Chinesische Medizin - TUINA Therapie - TUINA PRAXIS - Mag. (FH) Albert Sprung","og_url":"http:\/\/www.tuina.co.at\/tuina\/datenschutz\/","og_site_name":"Traditionelle Chinesische Medizin - TUINA Therapie","article_modified_time":"2026-02-17T18:27:30+00:00","og_image":[{"width":838,"height":360,"url":"https:\/\/i0.wp.com\/www.tuina.co.at\/tuina\/wp-content\/uploads\/Logo.jpg?fit=838%2C360","type":"image\/jpeg"}],"twitter_card":"summary_large_image","twitter_misc":{"Gesch\u00e4tzte Lesezeit":"3\u00a0Minuten"},"schema":{"@context":"https:\/\/schema.org","@graph":[{"@type":"WebPage","@id":"http:\/\/www.tuina.co.at\/tuina\/datenschutz\/","url":"http:\/\/www.tuina.co.at\/tuina\/datenschutz\/","name":"Datenschutzerkl\u00e4rung f\u00fcr TUINA Kalender-App - Traditionelle Chinesische Medizin - TUINA Therapie","isPartOf":{"@id":"http:\/\/www.tuina.co.at\/tuina\/#website"},"datePublished":"2026-02-17T18:22:59+00:00","dateModified":"2026-02-17T18:27:30+00:00","description":"Traditionelle Chinesische Medizin - TUINA Therapie - TUINA PRAXIS - Mag. (FH) Albert Sprung","breadcrumb":{"@id":"http:\/\/www.tuina.co.at\/tuina\/datenschutz\/#breadcrumb"},"inLanguage":"de","potentialAction":[{"@type":"ReadAction","target":["http:\/\/www.tuina.co.at\/tuina\/datenschutz\/"]}]},{"@type":"BreadcrumbList","@id":"http:\/\/www.tuina.co.at\/tuina\/datenschutz\/#breadcrumb","itemListElement":[{"@type":"ListItem","position":1,"name":"Home","item":"http:\/\/www.tuina.co.at\/tuina\/"},{"@type":"ListItem","position":2,"name":"Datenschutzerkl\u00e4rung f\u00fcr TUINA Kalender-App"}]},{"@type":"WebSite","@id":"http:\/\/www.tuina.co.at\/tuina\/#website","url":"http:\/\/www.tuina.co.at\/tuina\/","name":"Traditionelle Chinesische Medizin - TUINA Therapie","description":"TUINA PRAXIS - Mag. (FH) Albert Sprung","publisher":{"@id":"http:\/\/www.tuina.co.at\/tuina\/#organization"},"potentialAction":[{"@type":"SearchAction","target":{"@type":"EntryPoint","urlTemplate":"http:\/\/www.tuina.co.at\/tuina\/?s={search_term_string}"},"query-input":"required name=search_term_string"}],"inLanguage":"de"},{"@type":"Organization","@id":"http:\/\/www.tuina.co.at\/tuina\/#organization","name":"TUINA PRAXIS - Mag. Albert Sprung","url":"http:\/\/www.tuina.co.at\/tuina\/","logo":{"@type":"ImageObject","inLanguage":"de","@id":"http:\/\/www.tuina.co.at\/tuina\/#\/schema\/logo\/image\/","url":"https:\/\/i0.wp.com\/www.tuina.co.at\/tuina\/wp-content\/uploads\/Logo.jpg?fit=838%2C360","contentUrl":"https:\/\/i0.wp.com\/www.tuina.co.at\/tuina\/wp-content\/uploads\/Logo.jpg?fit=838%2C360","width":838,"height":360,"caption":"TUINA PRAXIS - Mag. Albert Sprung"},"image":{"@id":"http:\/\/www.tuina.co.at\/tuina\/#\/schema\/logo\/image\/"}}]}},"jetpack_sharing_enabled":true,"jetpack_shortlink":"https:\/\/wp.me\/P7f5TD-ub","jetpack-related-posts":[{"id":73,"url":"http:\/\/www.tuina.co.at\/tuina\/preise\/abgs\/","url_meta":{"origin":1871,"position":0},"title":"Nutzungsbedingungen &amp; Allgemeine Gesch\u00e4ftsbedingungen (AGB)","date":"22. Februar 2012","format":false,"excerpt":"TUINA PRAXIS \u2013 Albert Sprung Stand: 17.02.2025 1. Geltungsbereich Diese Allgemeinen Gesch\u00e4ftsbedingungen (AGB) gelten f\u00fcr die Nutzung der Online-Terminvergabe-Software (\"TUINA Kalender-App\") sowie f\u00fcr alle in der TUINA PRAXIS (Albert Sprung) durchgef\u00fchrten Behandlungen und geschlossenen Vertr\u00e4ge. 2. Nutzung der Termin-App & Verf\u00fcgbarkeit Die bereitgestellte Applikation dient der Berechnung freier Terminslots und\u2026","rel":"","context":"\u00c4hnlicher Beitrag","img":{"alt_text":"","src":"","width":0,"height":0},"classes":[]},{"id":873,"url":"http:\/\/www.tuina.co.at\/tuina\/team-2\/","url_meta":{"origin":1871,"position":1},"title":"Team","date":"28. August 2017","format":false,"excerpt":"TUINA\u00a0 Massage \/ Therapie Ing. Mag. Albert Sprung ist Tuina Anmo Praktiker in Vorchdorf. In seiner Praxis wendet er Methoden der Traditionellen Chinesischen Medizin an, im Speziellen Tuina (chinesische Massage) und energetische Osteopathie, jedoch auch Di\u00e4tetik (chinesische Ern\u00e4hrungslehre) und Pharmakologie (speziell westliche Kr\u00e4uter), Schr\u00f6pfen, Gua Sha, Moxibustion und Tapen. TUINA-Therapie\/Massage\u2026","rel":"","context":"\u00c4hnlicher Beitrag","img":{"alt_text":"","src":"https:\/\/i2.wp.com\/www.tuina.co.at\/tuina\/wp-content\/uploads\/2015\/01\/Albert-Sprung.jpg?resize=350%2C200","width":350,"height":200},"classes":[]},{"id":236,"url":"http:\/\/www.tuina.co.at\/tuina\/presse-tuina\/","url_meta":{"origin":1871,"position":2},"title":"Presse Tuina","date":"12. Juni 2012","format":false,"excerpt":"Mit TUINA Massage zu mehr Wohlbefinden Bereits seit den 90er Jahren besch\u00e4ftigt sich Mag. Albert Sprung mit Traditioneller Chinesischer Medizin und Kinesiologie. Jetzt feiert er das einj\u00e4hrige Bestehen seiner Tuina Praxis in Vorchdorf-Lederau. \u201eEs ist eine Freude Menschen, mit diesem \u00fcber 5000 Jahre alten Wissen, helfen zu k\u00f6nnen\u201c, meint Mag.\u2026","rel":"","context":"\u00c4hnlicher Beitrag","img":{"alt_text":"","src":"https:\/\/i0.wp.com\/www.tuina.co.at\/wordpress\/wp-content\/uploads\/Albert-Sprung-751x1024.jpg?resize=350%2C200","width":350,"height":200},"classes":[]},{"id":245,"url":"http:\/\/www.tuina.co.at\/tuina\/albert-sprung\/presse-rauchentwohnung-2\/","url_meta":{"origin":1871,"position":3},"title":"Presse Rauchentw\u00f6hnung","date":"12. Juni 2012","format":false,"excerpt":"Rauchfrei ohne Gewichtszunahme Bereits seit f\u00fcnf Jahren hilft Albert Sprung in seiner Tuina-Praxis in Vorchdorf-Lederau Menschen sehr erfolgreich mit dem Rauchen aufh\u00f6ren. \u201eDrei Packerl am Tag habe ich geraucht, und Albert hat mir geholfen mit meinem Laster aufzuh\u00f6ren\u201c erz\u00e4hlt Joe, der einer der Ersten war. \u201eAber wenn ich st\u00e4ndig damit\u2026","rel":"","context":"\u00c4hnlicher Beitrag","img":{"alt_text":"","src":"","width":0,"height":0},"classes":[]},{"id":566,"url":"http:\/\/www.tuina.co.at\/tuina\/ich-bin-rauchfrei-2\/","url_meta":{"origin":1871,"position":4},"title":"Ich-bin-rauchfrei","date":"23. Februar 2016","format":false,"excerpt":"Ich-bin-rauchfrei Rauchfrei ohne Gewichtszunahme Bereits seit dreizehn Jahren hilft Albert Sprung in seiner Tuina-Praxis in Vorchdorf-Lederau Menschen sehr erfolgreich mit dem Rauchen aufh\u00f6ren. \u201eDrei Packerl am Tag habe ich geraucht, und Albert hat mir geholfen mit meinem Laster aufzuh\u00f6ren\u201c erz\u00e4hlt Joe, der einer der Ersten war. \u201eAber wenn ich st\u00e4ndig\u2026","rel":"","context":"\u00c4hnlicher Beitrag","img":{"alt_text":"","src":"","width":0,"height":0},"classes":[]},{"id":63,"url":"http:\/\/www.tuina.co.at\/tuina\/kinesiologie\/","url_meta":{"origin":1871,"position":5},"title":"Kinesiologie","date":"22. Februar 2012","format":false,"excerpt":"Was ist Angewandte Kinesiologie? Seit ca. 50 Jahren wird mit der Angewandten Kinesiologie in Europa mit gro\u00dfem Erfolg gearbeitet. Sie ist eine Beratungsmethode, die ihren Einzug in den Bereichen Psychologie, Medizin und P\u00e4dagogik gefunden hat. Der Unterschied zu den \u00fcblichen Beratungsformen liegt darin, dass die Kinesiologie nicht nur den bewussten\u2026","rel":"","context":"\u00c4hnlicher Beitrag","img":{"alt_text":"","src":"","width":0,"height":0},"classes":[]}],"_links":{"self":[{"href":"http:\/\/www.tuina.co.at\/tuina\/wp-json\/wp\/v2\/pages\/1871"}],"collection":[{"href":"http:\/\/www.tuina.co.at\/tuina\/wp-json\/wp\/v2\/pages"}],"about":[{"href":"http:\/\/www.tuina.co.at\/tuina\/wp-json\/wp\/v2\/types\/page"}],"author":[{"embeddable":true,"href":"http:\/\/www.tuina.co.at\/tuina\/wp-json\/wp\/v2\/users\/1418"}],"replies":[{"embeddable":true,"href":"http:\/\/www.tuina.co.at\/tuina\/wp-json\/wp\/v2\/comments?post=1871"}],"version-history":[{"count":2,"href":"http:\/\/www.tuina.co.at\/tuina\/wp-json\/wp\/v2\/pages\/1871\/revisions"}],"predecessor-version":[{"id":1876,"href":"http:\/\/www.tuina.co.at\/tuina\/wp-json\/wp\/v2\/pages\/1871\/revisions\/1876"}],"wp:attachment":[{"href":"http:\/\/www.tuina.co.at\/tuina\/wp-json\/wp\/v2\/media?parent=1871"}],"curies":[{"name":"wp","href":"https:\/\/api.w.org\/{rel}","templated":true}]}}